{"id":2151,"date":"2026-01-29T16:56:51","date_gmt":"2026-01-29T15:56:51","guid":{"rendered":"https:\/\/cudenka-ukini.pl\/?post_type=product&#038;p=2151"},"modified":"2026-03-01T23:16:06","modified_gmt":"2026-03-01T22:16:06","slug":"czapka-dziecieca-model-5","status":"publish","type":"product","link":"https:\/\/cudenka-ukini.pl\/?product=czapka-dziecieca-model-5","title":{"rendered":"czapka dzieci\u0119ca model 5"},"content":{"rendered":"<p>Czapka dzieci\u0119ca (1,5-2,5 roku)<\/p>\n","protected":false},"excerpt":{"rendered":"<p>Czapka dzieci\u0119ca (1,5-2,5 roku)<\/p>\n","protected":false},"featured_media":2152,"comment_status":"open","ping_status":"closed","template":"","meta":{"_et_pb_use_builder":"","_et_pb_old_content":"","_et_gb_content_width":""},"product_brand":[],"product_cat":[47],"product_tag":[],"class_list":{"0":"post-2151","1":"product","2":"type-product","3":"status-publish","4":"has-post-thumbnail","6":"product_cat-czapki-dzieciece","8":"first","9":"instock","10":"taxable","11":"shipping-taxable","12":"purchasable","13":"product-type-variable"},"yoast_head":"<!-- This site is optimized with the Yoast SEO plugin v27.1.1 - https:\/\/yoast.com\/product\/yoast-seo-wordpress\/ -->\n<title>czapka dzieci\u0119ca model 5 - Cude\u0144ka u Kini<\/title>\n<meta name=\"robots\" content=\"index, follow, max-snippet:-1, max-image-preview:large, max-video-preview:-1\" \/>\n<link rel=\"canonical\" href=\"https:\/\/cudenka-ukini.pl\/?product=czapka-dziecieca-model-5\" \/>\n<meta property=\"og:locale\" content=\"pl_PL\" \/>\n<meta property=\"og:type\" content=\"article\" \/>\n<meta property=\"og:title\" content=\"czapka dzieci\u0119ca model 5 - Cude\u0144ka u Kini\" \/>\n<meta property=\"og:description\" content=\"Czapka dzieci\u0119ca (1,5-2,5 roku)\" \/>\n<meta property=\"og:url\" content=\"https:\/\/cudenka-ukini.pl\/?product=czapka-dziecieca-model-5\" \/>\n<meta property=\"og:site_name\" content=\"Cude\u0144ka u Kini\" \/>\n<meta property=\"article:publisher\" content=\"https:\/\/www.facebook.com\/PalarniaKawyLightRoast\" \/>\n<meta property=\"article:modified_time\" content=\"2026-03-01T22:16:06+00:00\" \/>\n<meta property=\"og:image\" content=\"https:\/\/cudenka-ukini.pl\/wp-content\/uploads\/2026\/01\/IMG_20260106_185325-scaled.jpg\" \/>\n\t<meta property=\"og:image:width\" content=\"2163\" \/>\n\t<meta property=\"og:image:height\" content=\"2560\" \/>\n\t<meta property=\"og:image:type\" content=\"image\/jpeg\" \/>\n<meta name=\"twitter:card\" content=\"summary_large_image\" \/>\n<meta name=\"twitter:label1\" content=\"Szacowany czas czytania\" \/>\n\t<meta name=\"twitter:data1\" content=\"1 minuta\" \/>\n<script type=\"application\/ld+json\" class=\"yoast-schema-graph\">{\"@context\":\"https:\/\/schema.org\",\"@graph\":[{\"@type\":\"WebPage\",\"@id\":\"https:\/\/cudenka-ukini.pl\/?product=czapka-dziecieca-model-5\",\"url\":\"https:\/\/cudenka-ukini.pl\/?product=czapka-dziecieca-model-5\",\"name\":\"czapka dzieci\u0119ca model 5 - Cude\u0144ka u Kini\",\"isPartOf\":{\"@id\":\"http:\/\/cudenka-ukini.pl\/#website\"},\"primaryImageOfPage\":{\"@id\":\"https:\/\/cudenka-ukini.pl\/?product=czapka-dziecieca-model-5#primaryimage\"},\"image\":{\"@id\":\"https:\/\/cudenka-ukini.pl\/?product=czapka-dziecieca-model-5#primaryimage\"},\"thumbnailUrl\":\"https:\/\/cudenka-ukini.pl\/wp-content\/uploads\/2026\/01\/IMG_20260106_185325-scaled.jpg\",\"datePublished\":\"2026-01-29T15:56:51+00:00\",\"dateModified\":\"2026-03-01T22:16:06+00:00\",\"breadcrumb\":{\"@id\":\"https:\/\/cudenka-ukini.pl\/?product=czapka-dziecieca-model-5#breadcrumb\"},\"inLanguage\":\"pl-PL\",\"potentialAction\":[{\"@type\":\"ReadAction\",\"target\":[\"https:\/\/cudenka-ukini.pl\/?product=czapka-dziecieca-model-5\"]}]},{\"@type\":\"ImageObject\",\"inLanguage\":\"pl-PL\",\"@id\":\"https:\/\/cudenka-ukini.pl\/?product=czapka-dziecieca-model-5#primaryimage\",\"url\":\"https:\/\/cudenka-ukini.pl\/wp-content\/uploads\/2026\/01\/IMG_20260106_185325-scaled.jpg\",\"contentUrl\":\"https:\/\/cudenka-ukini.pl\/wp-content\/uploads\/2026\/01\/IMG_20260106_185325-scaled.jpg\",\"width\":2163,\"height\":2560},{\"@type\":\"BreadcrumbList\",\"@id\":\"https:\/\/cudenka-ukini.pl\/?product=czapka-dziecieca-model-5#breadcrumb\",\"itemListElement\":[{\"@type\":\"ListItem\",\"position\":1,\"name\":\"Strona g\u0142\u00f3wna\",\"item\":\"http:\/\/cudenka-ukini.pl\/\"},{\"@type\":\"ListItem\",\"position\":2,\"name\":\"Sklep &#8222;Cude\u0144ka u Kini&#8221;\",\"item\":\"http:\/\/cudenka-ukini.pl\/?page_id=93\"},{\"@type\":\"ListItem\",\"position\":3,\"name\":\"czapka dzieci\u0119ca model 5\"}]},{\"@type\":\"WebSite\",\"@id\":\"http:\/\/cudenka-ukini.pl\/#website\",\"url\":\"http:\/\/cudenka-ukini.pl\/\",\"name\":\"Cude\u0144ka u Kini \u2013 czapki zimowe, sukienki i dodatki\",\"description\":\"Sklep odzie\u017cowy\",\"potentialAction\":[{\"@type\":\"SearchAction\",\"target\":{\"@type\":\"EntryPoint\",\"urlTemplate\":\"http:\/\/cudenka-ukini.pl\/?s={search_term_string}\"},\"query-input\":{\"@type\":\"PropertyValueSpecification\",\"valueRequired\":true,\"valueName\":\"search_term_string\"}}],\"inLanguage\":\"pl-PL\"}]}<\/script>\n<!-- \/ Yoast SEO plugin. -->","yoast_head_json":{"title":"czapka dzieci\u0119ca model 5 - Cude\u0144ka u Kini","robots":{"index":"index","follow":"follow","max-snippet":"max-snippet:-1","max-image-preview":"max-image-preview:large","max-video-preview":"max-video-preview:-1"},"canonical":"https:\/\/cudenka-ukini.pl\/?product=czapka-dziecieca-model-5","og_locale":"pl_PL","og_type":"article","og_title":"czapka dzieci\u0119ca model 5 - Cude\u0144ka u Kini","og_description":"Czapka dzieci\u0119ca (1,5-2,5 roku)","og_url":"https:\/\/cudenka-ukini.pl\/?product=czapka-dziecieca-model-5","og_site_name":"Cude\u0144ka u Kini","article_publisher":"https:\/\/www.facebook.com\/PalarniaKawyLightRoast","article_modified_time":"2026-03-01T22:16:06+00:00","og_image":[{"width":2163,"height":2560,"url":"https:\/\/cudenka-ukini.pl\/wp-content\/uploads\/2026\/01\/IMG_20260106_185325-scaled.jpg","type":"image\/jpeg"}],"twitter_card":"summary_large_image","twitter_misc":{"Szacowany czas czytania":"1 minuta"},"schema":{"@context":"https:\/\/schema.org","@graph":[{"@type":"WebPage","@id":"https:\/\/cudenka-ukini.pl\/?product=czapka-dziecieca-model-5","url":"https:\/\/cudenka-ukini.pl\/?product=czapka-dziecieca-model-5","name":"czapka dzieci\u0119ca model 5 - Cude\u0144ka u Kini","isPartOf":{"@id":"http:\/\/cudenka-ukini.pl\/#website"},"primaryImageOfPage":{"@id":"https:\/\/cudenka-ukini.pl\/?product=czapka-dziecieca-model-5#primaryimage"},"image":{"@id":"https:\/\/cudenka-ukini.pl\/?product=czapka-dziecieca-model-5#primaryimage"},"thumbnailUrl":"https:\/\/cudenka-ukini.pl\/wp-content\/uploads\/2026\/01\/IMG_20260106_185325-scaled.jpg","datePublished":"2026-01-29T15:56:51+00:00","dateModified":"2026-03-01T22:16:06+00:00","breadcrumb":{"@id":"https:\/\/cudenka-ukini.pl\/?product=czapka-dziecieca-model-5#breadcrumb"},"inLanguage":"pl-PL","potentialAction":[{"@type":"ReadAction","target":["https:\/\/cudenka-ukini.pl\/?product=czapka-dziecieca-model-5"]}]},{"@type":"ImageObject","inLanguage":"pl-PL","@id":"https:\/\/cudenka-ukini.pl\/?product=czapka-dziecieca-model-5#primaryimage","url":"https:\/\/cudenka-ukini.pl\/wp-content\/uploads\/2026\/01\/IMG_20260106_185325-scaled.jpg","contentUrl":"https:\/\/cudenka-ukini.pl\/wp-content\/uploads\/2026\/01\/IMG_20260106_185325-scaled.jpg","width":2163,"height":2560},{"@type":"BreadcrumbList","@id":"https:\/\/cudenka-ukini.pl\/?product=czapka-dziecieca-model-5#breadcrumb","itemListElement":[{"@type":"ListItem","position":1,"name":"Strona g\u0142\u00f3wna","item":"http:\/\/cudenka-ukini.pl\/"},{"@type":"ListItem","position":2,"name":"Sklep &#8222;Cude\u0144ka u Kini&#8221;","item":"http:\/\/cudenka-ukini.pl\/?page_id=93"},{"@type":"ListItem","position":3,"name":"czapka dzieci\u0119ca model 5"}]},{"@type":"WebSite","@id":"http:\/\/cudenka-ukini.pl\/#website","url":"http:\/\/cudenka-ukini.pl\/","name":"Cude\u0144ka u Kini \u2013 czapki zimowe, sukienki i dodatki","description":"Sklep odzie\u017cowy","potentialAction":[{"@type":"SearchAction","target":{"@type":"EntryPoint","urlTemplate":"http:\/\/cudenka-ukini.pl\/?s={search_term_string}"},"query-input":{"@type":"PropertyValueSpecification","valueRequired":true,"valueName":"search_term_string"}}],"inLanguage":"pl-PL"}]}},"jetpack_sharing_enabled":true,"_links":{"self":[{"href":"https:\/\/cudenka-ukini.pl\/index.php?rest_route=\/wp\/v2\/product\/2151","targetHints":{"allow":["GET"]}}],"collection":[{"href":"https:\/\/cudenka-ukini.pl\/index.php?rest_route=\/wp\/v2\/product"}],"about":[{"href":"https:\/\/cudenka-ukini.pl\/index.php?rest_route=\/wp\/v2\/types\/product"}],"replies":[{"embeddable":true,"href":"https:\/\/cudenka-ukini.pl\/index.php?rest_route=%2Fwp%2Fv2%2Fcomments&post=2151"}],"wp:featuredmedia":[{"embeddable":true,"href":"https:\/\/cudenka-ukini.pl\/index.php?rest_route=\/wp\/v2\/media\/2152"}],"wp:attachment":[{"href":"https:\/\/cudenka-ukini.pl\/index.php?rest_route=%2Fwp%2Fv2%2Fmedia&parent=2151"}],"wp:term":[{"taxonomy":"product_brand","embeddable":true,"href":"https:\/\/cudenka-ukini.pl\/index.php?rest_route=%2Fwp%2Fv2%2Fproduct_brand&post=2151"},{"taxonomy":"product_cat","embeddable":true,"href":"https:\/\/cudenka-ukini.pl\/index.php?rest_route=%2Fwp%2Fv2%2Fproduct_cat&post=2151"},{"taxonomy":"product_tag","embeddable":true,"href":"https:\/\/cudenka-ukini.pl\/index.php?rest_route=%2Fwp%2Fv2%2Fproduct_tag&post=2151"}],"curies":[{"name":"wp","href":"https:\/\/api.w.org\/{rel}","templated":true}]}}