{"id":3755,"date":"2026-04-14T19:53:12","date_gmt":"2026-04-14T17:53:12","guid":{"rendered":"https:\/\/cudenka-ukini.pl\/?post_type=product&#038;p=3755"},"modified":"2026-04-14T19:53:13","modified_gmt":"2026-04-14T17:53:13","slug":"opaska-dziecieca-korona","status":"publish","type":"product","link":"https:\/\/cudenka-ukini.pl\/?product=opaska-dziecieca-korona","title":{"rendered":"Opaska dzieci\u0119ca (korona)"},"content":{"rendered":"<p>Opaska dzieci\u0119ca ( korona )<\/p>\n<p>Pi\u0119kna , dziewcz\u0119ca opaska . Rozmiar na g\u0142\u00f3wk\u0119 3 do 6,5 lat<\/p>\n<p>&nbsp;<\/p>\n<p><img loading=\"lazy\" decoding=\"async\" class=\"alignnone  wp-image-3758\" src=\"http:\/\/cudenka-ukini.pl\/wp-content\/uploads\/2026\/04\/IMG_20260331_205931-865x1024.jpg\" alt=\"\" width=\"521\" height=\"617\" \/><\/p>\n","protected":false},"excerpt":{"rendered":"<p>Opaska dzieci\u0119ca ( korona ) Pi\u0119kna , dziewcz\u0119ca opaska . Rozmiar na g\u0142\u00f3wk\u0119 3 do 6,5 lat &nbsp;<\/p>\n","protected":false},"featured_media":3758,"comment_status":"open","ping_status":"closed","template":"","meta":{"_et_pb_use_builder":"","_et_pb_old_content":"","_et_gb_content_width":""},"product_brand":[],"product_cat":[50],"product_tag":[],"class_list":{"0":"post-3755","1":"product","2":"type-product","3":"status-publish","4":"has-post-thumbnail","6":"product_cat-opaski-dzieciece","8":"first","9":"instock","10":"taxable","11":"shipping-taxable","12":"purchasable","13":"product-type-variable"},"yoast_head":"<!-- This site is optimized with the Yoast SEO plugin v27.1.1 - https:\/\/yoast.com\/product\/yoast-seo-wordpress\/ -->\n<title>Opaska dzieci\u0119ca (korona) - Cude\u0144ka u Kini<\/title>\n<meta name=\"robots\" content=\"index, follow, max-snippet:-1, max-image-preview:large, max-video-preview:-1\" \/>\n<link rel=\"canonical\" href=\"https:\/\/cudenka-ukini.pl\/?product=opaska-dziecieca-korona\" \/>\n<meta property=\"og:locale\" content=\"pl_PL\" \/>\n<meta property=\"og:type\" content=\"article\" \/>\n<meta property=\"og:title\" content=\"Opaska dzieci\u0119ca (korona) - Cude\u0144ka u Kini\" \/>\n<meta property=\"og:description\" content=\"Opaska dzieci\u0119ca ( korona ) Pi\u0119kna , dziewcz\u0119ca opaska . Rozmiar na g\u0142\u00f3wk\u0119 3 do 6,5 lat &nbsp;\" \/>\n<meta property=\"og:url\" content=\"https:\/\/cudenka-ukini.pl\/?product=opaska-dziecieca-korona\" \/>\n<meta property=\"og:site_name\" content=\"Cude\u0144ka u Kini\" \/>\n<meta property=\"article:publisher\" content=\"https:\/\/www.facebook.com\/PalarniaKawyLightRoast\" \/>\n<meta property=\"article:modified_time\" content=\"2026-04-14T17:53:13+00:00\" \/>\n<meta property=\"og:image\" content=\"https:\/\/cudenka-ukini.pl\/wp-content\/uploads\/2026\/04\/IMG_20260331_205931-scaled.jpg\" \/>\n\t<meta property=\"og:image:width\" content=\"2162\" \/>\n\t<meta property=\"og:image:height\" content=\"2560\" \/>\n\t<meta property=\"og:image:type\" content=\"image\/jpeg\" \/>\n<meta name=\"twitter:card\" content=\"summary_large_image\" \/>\n<meta name=\"twitter:label1\" content=\"Szacowany czas czytania\" \/>\n\t<meta name=\"twitter:data1\" content=\"1 minuta\" \/>\n<script type=\"application\/ld+json\" class=\"yoast-schema-graph\">{\"@context\":\"https:\/\/schema.org\",\"@graph\":[{\"@type\":\"WebPage\",\"@id\":\"https:\/\/cudenka-ukini.pl\/?product=opaska-dziecieca-korona\",\"url\":\"https:\/\/cudenka-ukini.pl\/?product=opaska-dziecieca-korona\",\"name\":\"Opaska dzieci\u0119ca (korona) - Cude\u0144ka u Kini\",\"isPartOf\":{\"@id\":\"https:\/\/cudenka-ukini.pl\/#website\"},\"primaryImageOfPage\":{\"@id\":\"https:\/\/cudenka-ukini.pl\/?product=opaska-dziecieca-korona#primaryimage\"},\"image\":{\"@id\":\"https:\/\/cudenka-ukini.pl\/?product=opaska-dziecieca-korona#primaryimage\"},\"thumbnailUrl\":\"https:\/\/cudenka-ukini.pl\/wp-content\/uploads\/2026\/04\/IMG_20260331_205931-scaled.jpg\",\"datePublished\":\"2026-04-14T17:53:12+00:00\",\"dateModified\":\"2026-04-14T17:53:13+00:00\",\"breadcrumb\":{\"@id\":\"https:\/\/cudenka-ukini.pl\/?product=opaska-dziecieca-korona#breadcrumb\"},\"inLanguage\":\"pl-PL\",\"potentialAction\":[{\"@type\":\"ReadAction\",\"target\":[\"https:\/\/cudenka-ukini.pl\/?product=opaska-dziecieca-korona\"]}]},{\"@type\":\"ImageObject\",\"inLanguage\":\"pl-PL\",\"@id\":\"https:\/\/cudenka-ukini.pl\/?product=opaska-dziecieca-korona#primaryimage\",\"url\":\"https:\/\/cudenka-ukini.pl\/wp-content\/uploads\/2026\/04\/IMG_20260331_205931-scaled.jpg\",\"contentUrl\":\"https:\/\/cudenka-ukini.pl\/wp-content\/uploads\/2026\/04\/IMG_20260331_205931-scaled.jpg\",\"width\":2162,\"height\":2560},{\"@type\":\"BreadcrumbList\",\"@id\":\"https:\/\/cudenka-ukini.pl\/?product=opaska-dziecieca-korona#breadcrumb\",\"itemListElement\":[{\"@type\":\"ListItem\",\"position\":1,\"name\":\"Strona g\u0142\u00f3wna\",\"item\":\"https:\/\/cudenka-ukini.pl\/\"},{\"@type\":\"ListItem\",\"position\":2,\"name\":\"Sklep &#8222;Cude\u0144ka u Kini&#8221;\",\"item\":\"https:\/\/cudenka-ukini.pl\/?page_id=93\"},{\"@type\":\"ListItem\",\"position\":3,\"name\":\"Opaska dzieci\u0119ca (korona)\"}]},{\"@type\":\"WebSite\",\"@id\":\"https:\/\/cudenka-ukini.pl\/#website\",\"url\":\"https:\/\/cudenka-ukini.pl\/\",\"name\":\"Cude\u0144ka u Kini \u2013 czapki zimowe, sukienki i dodatki\",\"description\":\"Sklep odzie\u017cowy\",\"potentialAction\":[{\"@type\":\"SearchAction\",\"target\":{\"@type\":\"EntryPoint\",\"urlTemplate\":\"https:\/\/cudenka-ukini.pl\/?s={search_term_string}\"},\"query-input\":{\"@type\":\"PropertyValueSpecification\",\"valueRequired\":true,\"valueName\":\"search_term_string\"}}],\"inLanguage\":\"pl-PL\"}]}<\/script>\n<!-- \/ Yoast SEO plugin. -->","yoast_head_json":{"title":"Opaska dzieci\u0119ca (korona) - Cude\u0144ka u Kini","robots":{"index":"index","follow":"follow","max-snippet":"max-snippet:-1","max-image-preview":"max-image-preview:large","max-video-preview":"max-video-preview:-1"},"canonical":"https:\/\/cudenka-ukini.pl\/?product=opaska-dziecieca-korona","og_locale":"pl_PL","og_type":"article","og_title":"Opaska dzieci\u0119ca (korona) - Cude\u0144ka u Kini","og_description":"Opaska dzieci\u0119ca ( korona ) Pi\u0119kna , dziewcz\u0119ca opaska . Rozmiar na g\u0142\u00f3wk\u0119 3 do 6,5 lat &nbsp;","og_url":"https:\/\/cudenka-ukini.pl\/?product=opaska-dziecieca-korona","og_site_name":"Cude\u0144ka u Kini","article_publisher":"https:\/\/www.facebook.com\/PalarniaKawyLightRoast","article_modified_time":"2026-04-14T17:53:13+00:00","og_image":[{"width":2162,"height":2560,"url":"https:\/\/cudenka-ukini.pl\/wp-content\/uploads\/2026\/04\/IMG_20260331_205931-scaled.jpg","type":"image\/jpeg"}],"twitter_card":"summary_large_image","twitter_misc":{"Szacowany czas czytania":"1 minuta"},"schema":{"@context":"https:\/\/schema.org","@graph":[{"@type":"WebPage","@id":"https:\/\/cudenka-ukini.pl\/?product=opaska-dziecieca-korona","url":"https:\/\/cudenka-ukini.pl\/?product=opaska-dziecieca-korona","name":"Opaska dzieci\u0119ca (korona) - Cude\u0144ka u Kini","isPartOf":{"@id":"https:\/\/cudenka-ukini.pl\/#website"},"primaryImageOfPage":{"@id":"https:\/\/cudenka-ukini.pl\/?product=opaska-dziecieca-korona#primaryimage"},"image":{"@id":"https:\/\/cudenka-ukini.pl\/?product=opaska-dziecieca-korona#primaryimage"},"thumbnailUrl":"https:\/\/cudenka-ukini.pl\/wp-content\/uploads\/2026\/04\/IMG_20260331_205931-scaled.jpg","datePublished":"2026-04-14T17:53:12+00:00","dateModified":"2026-04-14T17:53:13+00:00","breadcrumb":{"@id":"https:\/\/cudenka-ukini.pl\/?product=opaska-dziecieca-korona#breadcrumb"},"inLanguage":"pl-PL","potentialAction":[{"@type":"ReadAction","target":["https:\/\/cudenka-ukini.pl\/?product=opaska-dziecieca-korona"]}]},{"@type":"ImageObject","inLanguage":"pl-PL","@id":"https:\/\/cudenka-ukini.pl\/?product=opaska-dziecieca-korona#primaryimage","url":"https:\/\/cudenka-ukini.pl\/wp-content\/uploads\/2026\/04\/IMG_20260331_205931-scaled.jpg","contentUrl":"https:\/\/cudenka-ukini.pl\/wp-content\/uploads\/2026\/04\/IMG_20260331_205931-scaled.jpg","width":2162,"height":2560},{"@type":"BreadcrumbList","@id":"https:\/\/cudenka-ukini.pl\/?product=opaska-dziecieca-korona#breadcrumb","itemListElement":[{"@type":"ListItem","position":1,"name":"Strona g\u0142\u00f3wna","item":"https:\/\/cudenka-ukini.pl\/"},{"@type":"ListItem","position":2,"name":"Sklep &#8222;Cude\u0144ka u Kini&#8221;","item":"https:\/\/cudenka-ukini.pl\/?page_id=93"},{"@type":"ListItem","position":3,"name":"Opaska dzieci\u0119ca (korona)"}]},{"@type":"WebSite","@id":"https:\/\/cudenka-ukini.pl\/#website","url":"https:\/\/cudenka-ukini.pl\/","name":"Cude\u0144ka u Kini \u2013 czapki zimowe, sukienki i dodatki","description":"Sklep odzie\u017cowy","potentialAction":[{"@type":"SearchAction","target":{"@type":"EntryPoint","urlTemplate":"https:\/\/cudenka-ukini.pl\/?s={search_term_string}"},"query-input":{"@type":"PropertyValueSpecification","valueRequired":true,"valueName":"search_term_string"}}],"inLanguage":"pl-PL"}]}},"jetpack_sharing_enabled":true,"_links":{"self":[{"href":"https:\/\/cudenka-ukini.pl\/index.php?rest_route=\/wp\/v2\/product\/3755","targetHints":{"allow":["GET"]}}],"collection":[{"href":"https:\/\/cudenka-ukini.pl\/index.php?rest_route=\/wp\/v2\/product"}],"about":[{"href":"https:\/\/cudenka-ukini.pl\/index.php?rest_route=\/wp\/v2\/types\/product"}],"replies":[{"embeddable":true,"href":"https:\/\/cudenka-ukini.pl\/index.php?rest_route=%2Fwp%2Fv2%2Fcomments&post=3755"}],"wp:featuredmedia":[{"embeddable":true,"href":"https:\/\/cudenka-ukini.pl\/index.php?rest_route=\/wp\/v2\/media\/3758"}],"wp:attachment":[{"href":"https:\/\/cudenka-ukini.pl\/index.php?rest_route=%2Fwp%2Fv2%2Fmedia&parent=3755"}],"wp:term":[{"taxonomy":"product_brand","embeddable":true,"href":"https:\/\/cudenka-ukini.pl\/index.php?rest_route=%2Fwp%2Fv2%2Fproduct_brand&post=3755"},{"taxonomy":"product_cat","embeddable":true,"href":"https:\/\/cudenka-ukini.pl\/index.php?rest_route=%2Fwp%2Fv2%2Fproduct_cat&post=3755"},{"taxonomy":"product_tag","embeddable":true,"href":"https:\/\/cudenka-ukini.pl\/index.php?rest_route=%2Fwp%2Fv2%2Fproduct_tag&post=3755"}],"curies":[{"name":"wp","href":"https:\/\/api.w.org\/{rel}","templated":true}]}}

Opaska dziecięca (korona)

<p>Opaska dziecięca ( korona )</p>
<p>Piękna , dziewczęca opaska . Rozmiar na główkę 3 do 6,5 lat</p>
<p>&nbsp;</p>
<p><img loading="lazy" decoding="async" class="alignnone  wp-image-3758" src="http://cudenka-ukini.pl/wp-content/uploads/2026/04/IMG_20260331_205931-865x1024.jpg" alt="" width="521" height="617" /></p>

<p>Opaska dziecięca ( korona ) Piękna , dziewczęca opaska . Rozmiar na główkę 3 do 6,5 lat &nbsp;</p>

<!-- This site is optimized with the Yoast SEO plugin v27.1.1 - https://yoast.com/product/yoast-seo-wordpress/ -->
<title>Opaska dziecięca (korona) - Cudeńka u Kini</title>
<meta name="robots" content="index, follow, max-snippet:-1, max-image-preview:large, max-video-preview:-1" />
<link rel="canonical" href="https://cudenka-ukini.pl/?product=opaska-dziecieca-korona" />
<meta property="og:locale" content="pl_PL" />
<meta property="og:type" content="article" />
<meta property="og:title" content="Opaska dziecięca (korona) - Cudeńka u Kini" />
<meta property="og:description" content="Opaska dziecięca ( korona ) Piękna , dziewczęca opaska . Rozmiar na główkę 3 do 6,5 lat &nbsp;" />
<meta property="og:url" content="https://cudenka-ukini.pl/?product=opaska-dziecieca-korona" />
<meta property="og:site_name" content="Cudeńka u Kini" />
<meta property="article:publisher" content="https://www.facebook.com/PalarniaKawyLightRoast" />
<meta property="article:modified_time" content="2026-04-14T17:53:13+00:00" />
<meta property="og:image" content="https://cudenka-ukini.pl/wp-content/uploads/2026/04/IMG_20260331_205931-scaled.jpg" />
	<meta property="og:image:width" content="2162" />
	<meta property="og:image:height" content="2560" />
	<meta property="og:image:type" content="image/jpeg" />
<meta name="twitter:card" content="summary_large_image" />
<meta name="twitter:label1" content="Szacowany czas czytania" />
	<meta name="twitter:data1" content="1 minuta" />
<script type="application/ld+json" class="yoast-schema-graph">{"@context":"https://schema.org","@graph":[{"@type":"WebPage","@id":"https://cudenka-ukini.pl/?product=opaska-dziecieca-korona","url":"https://cudenka-ukini.pl/?product=opaska-dziecieca-korona","name":"Opaska dziecięca (korona) - Cudeńka u Kini","isPartOf":{"@id":"https://cudenka-ukini.pl/#website"},"primaryImageOfPage":{"@id":"https://cudenka-ukini.pl/?product=opaska-dziecieca-korona#primaryimage"},"image":{"@id":"https://cudenka-ukini.pl/?product=opaska-dziecieca-korona#primaryimage"},"thumbnailUrl":"https://cudenka-ukini.pl/wp-content/uploads/2026/04/IMG_20260331_205931-scaled.jpg","datePublished":"2026-04-14T17:53:12+00:00","dateModified":"2026-04-14T17:53:13+00:00","breadcrumb":{"@id":"https://cudenka-ukini.pl/?product=opaska-dziecieca-korona#breadcrumb"},"inLanguage":"pl-PL","potentialAction":[{"@type":"ReadAction","target":["https://cudenka-ukini.pl/?product=opaska-dziecieca-korona"]}]},{"@type":"ImageObject","inLanguage":"pl-PL","@id":"https://cudenka-ukini.pl/?product=opaska-dziecieca-korona#primaryimage","url":"https://cudenka-ukini.pl/wp-content/uploads/2026/04/IMG_20260331_205931-scaled.jpg","contentUrl":"https://cudenka-ukini.pl/wp-content/uploads/2026/04/IMG_20260331_205931-scaled.jpg","width":2162,"height":2560},{"@type":"BreadcrumbList","@id":"https://cudenka-ukini.pl/?product=opaska-dziecieca-korona#breadcrumb","itemListElement":[{"@type":"ListItem","position":1,"name":"Strona główna","item":"https://cudenka-ukini.pl/"},{"@type":"ListItem","position":2,"name":"Sklep &#8222;Cudeńka u Kini&#8221;","item":"https://cudenka-ukini.pl/?page_id=93"},{"@type":"ListItem","position":3,"name":"Opaska dziecięca (korona)"}]},{"@type":"WebSite","@id":"https://cudenka-ukini.pl/#website","url":"https://cudenka-ukini.pl/","name":"Cudeńka u Kini – czapki zimowe, sukienki i dodatki","description":"Sklep odzieżowy","potentialAction":[{"@type":"SearchAction","target":{"@type":"EntryPoint","urlTemplate":"https://cudenka-ukini.pl/?s={search_term_string}"},"query-input":{"@type":"PropertyValueSpecification","valueRequired":true,"valueName":"search_term_string"}}],"inLanguage":"pl-PL"}]}</script>
<!-- / Yoast SEO plugin. -->

Opaska dziecięca (korona) - Cudeńka u Kini

Opaska dziecięca ( korona ) Piękna , dziewczęca opaska . Rozmiar na główkę 3 do 6,5 lat &nbsp;

Cudeńka u Kini

Strona główna

Sklep &#8222;Cudeńka u Kini&#8221;

Cudeńka u Kini – czapki zimowe, sukienki i dodatki

Sklep odzieżowy
